Dec 02 00:27:56.788 INFO testing apolitical/kubernetes-secret-maker against master#8940af3cea4a9a9deabcaf843b2f8cad9a83fc61 for beta-1.31-5
Dec 02 00:27:56.788 INFO running `"docker" "create" "-v" "/mnt/big/crater/work/local/target-dirs/beta-1.31-5/worker-1/master#8940af3cea4a9a9deabcaf843b2f8cad9a83fc61:/target:rw,Z" "-v" "/mnt/big/crater/work/local/test-source/worker-1/beta-1.31-5/master#8940af3cea4a9a9deabcaf843b2f8cad9a83fc61:/source:ro,Z" "-v" "/mnt/big/crater/work/local/cargo-home:/cargo-home:ro,Z" "-v" "/mnt/big/crater/work/local/rustup-home:/rustup-home:ro,Z" "-e" "USER_ID=1000" "-e" "SOURCE_DIR=/source" "-e" "USER_ID=1000" "-e" "CMD=cargo +8940af3cea4a9a9deabcaf843b2f8cad9a83fc61-alt build --frozen" "-e" "CARGO_TARGET_DIR=/target" "-e" "CARGO_INCREMENTAL=0" "-e" "RUST_BACKTRACE=full" "-e" "RUSTFLAGS=--cap-lints=warn" "-e" "CARGO_HOME=/cargo-home" "-e" "RUSTUP_HOME=/rustup-home" "-m" "1536M" "--network" "none" "crater"`
Dec 02 00:27:57.336 INFO [stdout] fa0af626909459fc6df8aac5f4c4a3674d5fdd1870c35f66c9ff7423e2fd2cf6
Dec 02 00:27:57.338 INFO running `"docker" "start" "-a" "fa0af626909459fc6df8aac5f4c4a3674d5fdd1870c35f66c9ff7423e2fd2cf6"`
Dec 02 00:27:59.294 INFO [stderr] usermod: no changes
Dec 02 00:27:59.414 INFO [stderr]    Compiling yaml-rust v0.4.2
Dec 02 00:27:59.431 INFO [stderr]    Compiling syn v0.15.18
Dec 02 00:28:04.227 INFO [stderr]    Compiling serde_yaml v0.8.7
Dec 02 00:28:16.411 INFO [stderr]    Compiling serde_derive v1.0.80
Dec 02 00:28:36.172 INFO [stderr]    Compiling kubesm v1.1.0 (/source)
Dec 02 00:28:38.451 INFO [stderr]     Finished dev [unoptimized + debuginfo] target(s) in 39.12s
Dec 02 00:28:38.471 INFO [stderr] su: No module specific data is present
Dec 02 00:28:39.319 INFO running `"docker" "inspect" "fa0af626909459fc6df8aac5f4c4a3674d5fdd1870c35f66c9ff7423e2fd2cf6"`
Dec 02 00:28:39.635 INFO running `"docker" "rm" "-f" "fa0af626909459fc6df8aac5f4c4a3674d5fdd1870c35f66c9ff7423e2fd2cf6"`
Dec 02 00:28:39.991 INFO [stdout] fa0af626909459fc6df8aac5f4c4a3674d5fdd1870c35f66c9ff7423e2fd2cf6
Dec 02 00:28:39.995 INFO running `"docker" "create" "-v" "/mnt/big/crater/work/local/target-dirs/beta-1.31-5/worker-1/master#8940af3cea4a9a9deabcaf843b2f8cad9a83fc61:/target:rw,Z" "-v" "/mnt/big/crater/work/local/test-source/worker-1/beta-1.31-5/master#8940af3cea4a9a9deabcaf843b2f8cad9a83fc61:/source:ro,Z" "-v" "/mnt/big/crater/work/local/cargo-home:/cargo-home:ro,Z" "-v" "/mnt/big/crater/work/local/rustup-home:/rustup-home:ro,Z" "-e" "USER_ID=1000" "-e" "SOURCE_DIR=/source" "-e" "USER_ID=1000" "-e" "CMD=cargo +8940af3cea4a9a9deabcaf843b2f8cad9a83fc61-alt test --frozen --no-run" "-e" "CARGO_TARGET_DIR=/target" "-e" "CARGO_INCREMENTAL=0" "-e" "RUST_BACKTRACE=full" "-e" "RUSTFLAGS=--cap-lints=warn" "-e" "CARGO_HOME=/cargo-home" "-e" "RUSTUP_HOME=/rustup-home" "-m" "1536M" "--network" "none" "crater"`
Dec 02 00:28:40.496 INFO [stdout] 6b45ae34668e1ecad00c581d1358963e5005b4bf59760cd0ab24647e37fba93f
Dec 02 00:28:40.499 INFO running `"docker" "start" "-a" "6b45ae34668e1ecad00c581d1358963e5005b4bf59760cd0ab24647e37fba93f"`
Dec 02 00:28:41.945 INFO [stderr] usermod: no changes
Dec 02 00:28:42.015 INFO [stderr]    Compiling kubesm v1.1.0 (/source)
Dec 02 00:28:44.211 INFO [stderr]     Finished dev [unoptimized + debuginfo] target(s) in 2.23s
Dec 02 00:28:44.213 INFO [stderr] su: No module specific data is present
Dec 02 00:28:44.980 INFO running `"docker" "inspect" "6b45ae34668e1ecad00c581d1358963e5005b4bf59760cd0ab24647e37fba93f"`
Dec 02 00:28:45.235 INFO running `"docker" "rm" "-f" "6b45ae34668e1ecad00c581d1358963e5005b4bf59760cd0ab24647e37fba93f"`
Dec 02 00:28:45.606 INFO [stdout] 6b45ae34668e1ecad00c581d1358963e5005b4bf59760cd0ab24647e37fba93f
Dec 02 00:28:45.609 INFO running `"docker" "create" "-v" "/mnt/big/crater/work/local/target-dirs/beta-1.31-5/worker-1/master#8940af3cea4a9a9deabcaf843b2f8cad9a83fc61:/target:rw,Z" "-v" "/mnt/big/crater/work/local/test-source/worker-1/beta-1.31-5/master#8940af3cea4a9a9deabcaf843b2f8cad9a83fc61:/source:ro,Z" "-v" "/mnt/big/crater/work/local/cargo-home:/cargo-home:ro,Z" "-v" "/mnt/big/crater/work/local/rustup-home:/rustup-home:ro,Z" "-e" "USER_ID=1000" "-e" "SOURCE_DIR=/source" "-e" "USER_ID=1000" "-e" "CMD=cargo +8940af3cea4a9a9deabcaf843b2f8cad9a83fc61-alt test --frozen" "-e" "CARGO_TARGET_DIR=/target" "-e" "CARGO_INCREMENTAL=0" "-e" "RUST_BACKTRACE=full" "-e" "RUSTFLAGS=--cap-lints=warn" "-e" "CARGO_HOME=/cargo-home" "-e" "RUSTUP_HOME=/rustup-home" "-m" "1536M" "--network" "none" "crater"`
Dec 02 00:28:46.103 INFO [stdout] 074315c77c63f8d11a98941c554810c8c43be6cb1125eb607ac6d4897e7c52bc
Dec 02 00:28:46.105 INFO running `"docker" "start" "-a" "074315c77c63f8d11a98941c554810c8c43be6cb1125eb607ac6d4897e7c52bc"`
Dec 02 00:28:47.295 INFO [stderr] usermod: no changes
Dec 02 00:28:47.369 INFO [stderr]     Finished dev [unoptimized + debuginfo] target(s) in 0.05s
Dec 02 00:28:47.369 INFO [stderr]      Running /target/debug/deps/kubesm-f9aeff172aeab916
Dec 02 00:28:47.381 INFO [stdout] 
Dec 02 00:28:47.381 INFO [stdout] running 1 test
Dec 02 00:28:47.456 INFO [stdout] test secret::tests::e2e ... FAILED
Dec 02 00:28:47.456 INFO [stdout] 
Dec 02 00:28:47.456 INFO [stdout] failures:
Dec 02 00:28:47.456 INFO [stdout] 
Dec 02 00:28:47.456 INFO [stdout] ---- secret::tests::e2e stdout ----
Dec 02 00:28:47.456 INFO [stdout] thread 'secret::tests::e2e' panicked at 'assertion failed: `(left == right)`
Dec 02 00:28:47.456 INFO [stdout]   left: `"---\napiVersion: v1\nkind: Secret\nmetadata:\n  name: \"test-name\"\n  namespace: ~\ntype: Opaque\ndata:\n  THIS_SHOULD_APPEAR: d2lu"`,
Dec 02 00:28:47.456 INFO [stdout]  right: `"---\napiVersion: v1\nkind: Secret\nmetadata:\n  name: test-name\n  namespace: ~\ntype: Opaque\ndata:\n  THIS_SHOULD_APPEAR: d2lu"`', src/secret/mod.rs:76:9
Dec 02 00:28:47.456 INFO [stdout] stack backtrace:
Dec 02 00:28:47.456 INFO [stdout]    0:     0x55f312fcce7f - std::sys::unix::backtrace::tracing::imp::unwind_backtrace::h3a8b83e1922cbdde
Dec 02 00:28:47.456 INFO [stdout]                                at libstd/sys/unix/backtrace/tracing/gcc_s.rs:49
Dec 02 00:28:47.456 INFO [stdout]    1:     0x55f312fd5ec7 - std::sys_common::backtrace::print::h00d3155a29b4020f
Dec 02 00:28:47.456 INFO [stdout]                                at libstd/sys_common/backtrace.rs:71
Dec 02 00:28:47.456 INFO [stdout]                                at libstd/sys_common/backtrace.rs:59
Dec 02 00:28:47.456 INFO [stdout]    2:     0x55f312fd0baf - std::panicking::default_hook::{{closure}}::hd7465c742e79e1bb
Dec 02 00:28:47.456 INFO [stdout]                                at libstd/panicking.rs:211
Dec 02 00:28:47.456 INFO [stdout]    3:     0x55f312fd08ae - std::panicking::default_hook::h9e3966f2aa2a6e12
Dec 02 00:28:47.456 INFO [stdout]                                at libstd/panicking.rs:221
Dec 02 00:28:47.456 INFO [stdout]    4:     0x55f312fd128e - std::panicking::rust_panic_with_hook::h587f091ae747d080
Dec 02 00:28:47.456 INFO [stdout]                                at libstd/panicking.rs:476
Dec 02 00:28:47.456 INFO [stdout]    5:     0x55f312fd0e31 - std::panicking::continue_panic_fmt::hb3a4fdede87f43a8
Dec 02 00:28:47.456 INFO [stdout]                                at libstd/panicking.rs:390
Dec 02 00:28:47.456 INFO [stdout]    6:     0x55f312fd0d7e - std::panicking::begin_panic_fmt::h387afc7da9a10555
Dec 02 00:28:47.456 INFO [stdout]                                at libstd/panicking.rs:345
Dec 02 00:28:47.456 INFO [stdout]    7:     0x55f312f48c7c - kubesm::secret::tests::e2e::hebb86a59171fde82
Dec 02 00:28:47.456 INFO [stdout]                                at src/secret/mod.rs:76
Dec 02 00:28:47.456 INFO [stdout]    8:     0x55f312f48749 - kubesm::secret::tests::e2e::{{closure}}::ha2cf87c6584c00ba
Dec 02 00:28:47.456 INFO [stdout]                                at src/secret/mod.rs:57
Dec 02 00:28:47.456 INFO [stdout]    9:     0x55f312f4904d - core::ops::function::FnOnce::call_once::ha8d5cfa1cfa68276
Dec 02 00:28:47.456 INFO [stdout]                                at libcore/ops/function.rs:238
Dec 02 00:28:47.456 INFO [stdout]   10:     0x55f312f53eee - <F as alloc::boxed::FnBox<A>>::call_box::hac903f91577a156c
Dec 02 00:28:47.456 INFO [stdout]                                at libtest/lib.rs:1468
Dec 02 00:28:47.456 INFO [stdout]                                at libcore/ops/function.rs:238
Dec 02 00:28:47.456 INFO [stdout]                                at liballoc/boxed.rs:672
Dec 02 00:28:47.456 INFO [stdout]   11:     0x55f312fe0e79 - __rust_maybe_catch_panic
Dec 02 00:28:47.456 INFO [stdout]                                at libpanic_unwind/lib.rs:102
Dec 02 00:28:47.456 INFO [stdout]   12:     0x55f312f75b42 - std::sys_common::backtrace::__rust_begin_short_backtrace::hb8f0d0309526c184
Dec 02 00:28:47.456 INFO [stdout]                                at libstd/panicking.rs:289
Dec 02 00:28:47.456 INFO [stdout]                                at libstd/panic.rs:392
Dec 02 00:28:47.456 INFO [stdout]                                at libtest/lib.rs:1423
Dec 02 00:28:47.456 INFO [stdout]                                at libstd/sys_common/backtrace.rs:136
Dec 02 00:28:47.456 INFO [stdout]   13:     0x55f312f765f4 - std::panicking::try::do_call::hc2f7c8b9a348d8db
Dec 02 00:28:47.456 INFO [stdout]                                at libstd/thread/mod.rs:409
Dec 02 00:28:47.456 INFO [stdout]                                at libstd/panic.rs:313
Dec 02 00:28:47.456 INFO [stdout]                                at libstd/panicking.rs:310
Dec 02 00:28:47.456 INFO [stdout]   14:     0x55f312fe0e79 - __rust_maybe_catch_panic
Dec 02 00:28:47.456 INFO [stdout]                                at libpanic_unwind/lib.rs:102
Dec 02 00:28:47.456 INFO [stdout]   15:     0x55f312f6382c - <F as alloc::boxed::FnBox<A>>::call_box::h6bfded618e480b32
Dec 02 00:28:47.456 INFO [stdout]                                at libstd/panicking.rs:289
Dec 02 00:28:47.456 INFO [stdout]                                at libstd/panic.rs:392
Dec 02 00:28:47.456 INFO [stdout]                                at libstd/thread/mod.rs:408
Dec 02 00:28:47.456 INFO [stdout]                                at liballoc/boxed.rs:672
Dec 02 00:28:47.456 INFO [stdout]   16:     0x55f312fcea9d - std::sys_common::thread::start_thread::h4c28257d67cdf9cb
Dec 02 00:28:47.456 INFO [stdout]                                at liballoc/boxed.rs:682
Dec 02 00:28:47.456 INFO [stdout]                                at libstd/sys_common/thread.rs:24
Dec 02 00:28:47.456 INFO [stdout]   17:     0x55f312fc3fb5 - std::sys::unix::thread::Thread::new::thread_start::hfecb2e7eff8fd34f
Dec 02 00:28:47.456 INFO [stdout]                                at libstd/sys/unix/thread.rs:90
Dec 02 00:28:47.457 INFO [stdout]   18:     0x7f8bcdd1f6b9 - start_thread
Dec 02 00:28:47.457 INFO [stdout]   19:     0x7f8bcd83f41c - clone
Dec 02 00:28:47.457 INFO [stdout]   20:                0x0 - <unknown>
Dec 02 00:28:47.457 INFO [stdout] 
Dec 02 00:28:47.457 INFO [stdout] 
Dec 02 00:28:47.457 INFO [stdout] failures:
Dec 02 00:28:47.457 INFO [stdout]     secret::tests::e2e
Dec 02 00:28:47.457 INFO [stdout] 
Dec 02 00:28:47.457 INFO [stdout] test result: FAILED. 0 passed; 1 failed; 0 ignored; 0 measured; 0 filtered out
Dec 02 00:28:47.457 INFO [stdout] 
Dec 02 00:28:47.459 INFO [stderr] error: test failed, to rerun pass '--bin kubesm'
Dec 02 00:28:47.459 INFO [stderr] su: No module specific data is present
Dec 02 00:28:48.177 INFO running `"docker" "inspect" "074315c77c63f8d11a98941c554810c8c43be6cb1125eb607ac6d4897e7c52bc"`
Dec 02 00:28:48.428 INFO running `"docker" "rm" "-f" "074315c77c63f8d11a98941c554810c8c43be6cb1125eb607ac6d4897e7c52bc"`
Dec 02 00:28:48.634 INFO [stdout] 074315c77c63f8d11a98941c554810c8c43be6cb1125eb607ac6d4897e7c52bc
